{"id":2743,"date":"2025-12-07T14:54:40","date_gmt":"2025-12-07T14:54:40","guid":{"rendered":"https:\/\/myalarme.be\/?page_id=2743"},"modified":"2026-01-23T06:52:44","modified_gmt":"2026-01-23T06:52:44","slug":"make-select","status":"publish","type":"page","link":"https:\/\/myalarme.be\/index.php\/make-select\/","title":{"rendered":"Make select"},"content":{"rendered":"\t\t<div data-elementor-type=\"wp-page\" data-elementor-id=\"2743\" class=\"elementor elementor-2743\">\n\t\t\t\t<div class=\"elementor-element elementor-element-9a3a870 e-con-full e-flex e-con e-parent\" data-id=\"9a3a870\" data-element_type=\"container\" data-e-type=\"container\">\n\t\t\t\t<div class=\"elementor-element elementor-element-3076e8a elementor-widget elementor-widget-image\" data-id=\"3076e8a\" data-element_type=\"widget\" data-e-type=\"widget\" data-widget_type=\"image.default\">\n\t\t\t\t\t\t\t\t\t\t\t\t\t\t\t<img fetchpriority=\"high\" decoding=\"async\" width=\"1024\" height=\"373\" src=\"https:\/\/myalarme.be\/wp-content\/uploads\/2025\/12\/alarme-50-1024x373.png\" class=\"attachment-large size-large wp-image-2730\" alt=\"\" srcset=\"https:\/\/myalarme.be\/wp-content\/uploads\/2025\/12\/alarme-50-1024x373.png 1024w, https:\/\/myalarme.be\/wp-content\/uploads\/2025\/12\/alarme-50-300x109.png 300w, https:\/\/myalarme.be\/wp-content\/uploads\/2025\/12\/alarme-50-768x280.png 768w, https:\/\/myalarme.be\/wp-content\/uploads\/2025\/12\/alarme-50-1536x560.png 1536w, https:\/\/myalarme.be\/wp-content\/uploads\/2025\/12\/alarme-50.png 1920w\" sizes=\"(max-width: 1024px) 100vw, 1024px\" \/>\t\t\t\t\t\t\t\t\t\t\t\t\t\t\t<\/div>\n\t\t\t\t<div class=\"elementor-element elementor-element-a8fcb60 elementor-absolute elementor-widget__width-initial elementor-widget elementor-widget-elementskit-heading\" data-id=\"a8fcb60\" data-element_type=\"widget\" data-e-type=\"widget\" data-settings=\"{&quot;_position&quot;:&quot;absolute&quot;}\" data-widget_type=\"elementskit-heading.default\">\n\t\t\t\t\t<div class=\"ekit-wid-con\" ><div class=\"ekit-heading elementskit-section-title-wraper text_left   ekit_heading_tablet-   ekit_heading_mobile-text_left\"><h2 class=\"ekit-heading--title elementskit-section-title \">Faites la diff\u00e9rence entre \u00eatre spectateur ou acteur de votre s\u00e9curit\u00e9 !<\/h2><\/div><\/div>\t\t\t\t<\/div>\n\t\t\t\t<\/div>\n\t\t<div class=\"elementor-element elementor-element-2699c927 e-con-full e-flex e-con e-parent\" data-id=\"2699c927\" data-element_type=\"container\" data-e-type=\"container\">\n\t\t\t\t<div class=\"elementor-element elementor-element-19271d7b elementor-widget elementor-widget-text-editor\" data-id=\"19271d7b\" data-element_type=\"widget\" data-e-type=\"widget\" data-widget_type=\"text-editor.default\">\n\t\t\t\t\t\t\t\t\t<p style=\"text-align: center;\"><strong>Nous vous offrons de choisir, en fonction de votre situation, d\u2019optimiser votre s\u00e9curit\u00e9 ou de vous s\u00e9curiser par un syst\u00e8me.<\/strong><\/p>\t\t\t\t\t\t\t\t<\/div>\n\t\t\t\t<\/div>\n\t\t<div class=\"elementor-element elementor-element-7d9792b e-con-full e-flex e-con e-parent\" data-id=\"7d9792b\" data-element_type=\"container\" data-e-type=\"container\">\n\t\t<div class=\"elementor-element elementor-element-5744ca1 e-con-full e-flex e-con e-child\" data-id=\"5744ca1\" data-element_type=\"container\" data-e-type=\"container\">\n\t\t\t\t<div class=\"elementor-element elementor-element-10e6a27 elementor-align-left elementor-widget-mobile__width-inherit elementor-mobile-align-justify elementor-widget elementor-widget-button\" data-id=\"10e6a27\" data-element_type=\"widget\" data-e-type=\"widget\" data-widget_type=\"button.default\">\n\t\t\t\t\t\t\t\t\t\t<a class=\"elementor-button elementor-button-link elementor-size-sm\" href=\"https:\/\/myalarme.be\/index.php\/marke\/\">\n\t\t\t\t\t\t<span class=\"elementor-button-content-wrapper\">\n\t\t\t\t\t\t\t\t\t<span class=\"elementor-button-text\">J'ai d\u00e9j\u00e0 un syst\u00e8me <\/span>\n\t\t\t\t\t<\/span>\n\t\t\t\t\t<\/a>\n\t\t\t\t\t\t\t\t<\/div>\n\t\t\t\t<\/div>\n\t\t<div class=\"elementor-element elementor-element-305c6ce e-con-full e-flex e-con e-child\" data-id=\"305c6ce\" data-element_type=\"container\" data-e-type=\"container\">\n\t\t\t\t<div class=\"elementor-element elementor-element-7b8bde7b elementor-widget elementor-widget-text-editor\" data-id=\"7b8bde7b\" data-element_type=\"widget\" data-e-type=\"widget\" data-widget_type=\"text-editor.default\">\n\t\t\t\t\t\t\t\t\t<h5>OU<\/h5>\t\t\t\t\t\t\t\t<\/div>\n\t\t\t\t<\/div>\n\t\t<div class=\"elementor-element elementor-element-2c98736 e-con-full e-flex e-con e-child\" data-id=\"2c98736\" data-element_type=\"container\" data-e-type=\"container\">\n\t\t\t\t<div class=\"elementor-element elementor-element-2759ed4 elementor-align-left elementor-mobile-align-justify elementor-widget-mobile__width-inherit elementor-widget elementor-widget-button\" data-id=\"2759ed4\" data-element_type=\"widget\" data-e-type=\"widget\" data-widget_type=\"button.default\">\n\t\t\t\t\t\t\t\t\t\t<a class=\"elementor-button elementor-button-link elementor-size-sm\" href=\"https:\/\/myalarme.be\/index.php\/marke-select\/\">\n\t\t\t\t\t\t<span class=\"elementor-button-content-wrapper\">\n\t\t\t\t\t\t\t\t\t<span class=\"elementor-button-text\">Je n\u2019ai pas de syst\u00e8me<\/span>\n\t\t\t\t\t<\/span>\n\t\t\t\t\t<\/a>\n\t\t\t\t\t\t\t\t<\/div>\n\t\t\t\t<\/div>\n\t\t\t\t<\/div>\n\t\t\t\t<\/div>\n\t\t","protected":false},"excerpt":{"rendered":"<p>Faites la diff\u00e9rence entre \u00eatre spectateur ou acteur de votre s\u00e9curit\u00e9 ! Nous vous offrons de choisir, en fonction de votre situation, d\u2019optimiser votre s\u00e9curit\u00e9 ou de vous s\u00e9curiser par&hellip;<\/p>\n","protected":false},"author":1,"featured_media":960,"parent":0,"menu_order":0,"comment_status":"closed","ping_status":"closed","template":"elementor_header_footer","meta":{"footnotes":""},"class_list":["post-2743","page","type-page","status-publish","has-post-thumbnail","hentry"],"yoast_head":"<!-- This site is optimized with the Yoast SEO Premium plugin v25.4 (Yoast SEO v27.5) - https:\/\/yoast.com\/product\/yoast-seo-premium-wordpress\/ -->\n<title>Syst\u00e8me d\u2019alarme avec BeAlarme pour s\u00e9curit\u00e9 - MyAlarme<\/title>\n<meta name=\"description\" content=\"D\u00e9couvrez comment un syst\u00e8me d\u2019alarme compatible peut am\u00e9liorer votre s\u00e9curit\u00e9 avec BeAlarmeTM et des solutions techniques adapt\u00e9es.\" \/>\n<meta name=\"robots\" content=\"index, follow, max-snippet:-1, max-image-preview:large, max-video-preview:-1\" \/>\n<link rel=\"canonical\" href=\"https:\/\/myalarme.be\/index.php\/make-select\/\" \/>\n<meta property=\"og:locale\" content=\"fr_FR\" \/>\n<meta property=\"og:type\" content=\"article\" \/>\n<meta property=\"og:title\" content=\"Make select\" \/>\n<meta property=\"og:description\" content=\"D\u00e9couvrez comment un syst\u00e8me d\u2019alarme compatible peut am\u00e9liorer votre s\u00e9curit\u00e9 avec BeAlarmeTM et des solutions techniques adapt\u00e9es.\" \/>\n<meta property=\"og:url\" content=\"https:\/\/myalarme.be\/index.php\/make-select\/\" \/>\n<meta property=\"og:site_name\" content=\"MyAlarme\" \/>\n<meta property=\"article:modified_time\" content=\"2026-01-23T06:52:44+00:00\" \/>\n<meta property=\"og:image\" content=\"https:\/\/myalarme.be\/wp-content\/uploads\/2025\/08\/tmp_a4654c67-54d3-49f9-8686-e0106bec0af1-e1754317839283.png\" \/>\n\t<meta property=\"og:image:width\" content=\"1067\" \/>\n\t<meta property=\"og:image:height\" content=\"500\" \/>\n\t<meta property=\"og:image:type\" content=\"image\/png\" \/>\n<meta name=\"twitter:card\" content=\"summary_large_image\" \/>\n<meta name=\"twitter:label1\" content=\"Dur\u00e9e de lecture est.\" \/>\n\t<meta name=\"twitter:data1\" content=\"1 minute\" \/>\n<script type=\"application\/ld+json\" class=\"yoast-schema-graph\">{\"@context\":\"https:\\\/\\\/schema.org\",\"@graph\":[{\"@type\":\"WebPage\",\"@id\":\"https:\\\/\\\/myalarme.be\\\/index.php\\\/make-select\\\/\",\"url\":\"https:\\\/\\\/myalarme.be\\\/index.php\\\/make-select\\\/\",\"name\":\"Syst\u00e8me d\u2019alarme avec BeAlarme pour s\u00e9curit\u00e9 - MyAlarme\",\"isPartOf\":{\"@id\":\"https:\\\/\\\/myalarme.be\\\/#website\"},\"primaryImageOfPage\":{\"@id\":\"https:\\\/\\\/myalarme.be\\\/index.php\\\/make-select\\\/#primaryimage\"},\"image\":{\"@id\":\"https:\\\/\\\/myalarme.be\\\/index.php\\\/make-select\\\/#primaryimage\"},\"thumbnailUrl\":\"https:\\\/\\\/myalarme.be\\\/wp-content\\\/uploads\\\/2025\\\/08\\\/tmp_a4654c67-54d3-49f9-8686-e0106bec0af1-e1754317839283.png\",\"datePublished\":\"2025-12-07T14:54:40+00:00\",\"dateModified\":\"2026-01-23T06:52:44+00:00\",\"description\":\"D\u00e9couvrez comment un syst\u00e8me d\u2019alarme compatible peut am\u00e9liorer votre s\u00e9curit\u00e9 avec BeAlarmeTM et des solutions techniques adapt\u00e9es.\",\"breadcrumb\":{\"@id\":\"https:\\\/\\\/myalarme.be\\\/index.php\\\/make-select\\\/#breadcrumb\"},\"inLanguage\":\"fr-BE\",\"potentialAction\":[{\"@type\":\"ReadAction\",\"target\":[\"https:\\\/\\\/myalarme.be\\\/index.php\\\/make-select\\\/\"]}]},{\"@type\":\"ImageObject\",\"inLanguage\":\"fr-BE\",\"@id\":\"https:\\\/\\\/myalarme.be\\\/index.php\\\/make-select\\\/#primaryimage\",\"url\":\"https:\\\/\\\/myalarme.be\\\/wp-content\\\/uploads\\\/2025\\\/08\\\/tmp_a4654c67-54d3-49f9-8686-e0106bec0af1-e1754317839283.png\",\"contentUrl\":\"https:\\\/\\\/myalarme.be\\\/wp-content\\\/uploads\\\/2025\\\/08\\\/tmp_a4654c67-54d3-49f9-8686-e0106bec0af1-e1754317839283.png\",\"width\":1067,\"height\":500},{\"@type\":\"BreadcrumbList\",\"@id\":\"https:\\\/\\\/myalarme.be\\\/index.php\\\/make-select\\\/#breadcrumb\",\"itemListElement\":[{\"@type\":\"ListItem\",\"position\":1,\"name\":\"Accueil\",\"item\":\"https:\\\/\\\/myalarme.be\\\/\"},{\"@type\":\"ListItem\",\"position\":2,\"name\":\"Make select\"}]},{\"@type\":\"WebSite\",\"@id\":\"https:\\\/\\\/myalarme.be\\\/#website\",\"url\":\"https:\\\/\\\/myalarme.be\\\/\",\"name\":\"MyAlarme\",\"description\":\"\",\"publisher\":{\"@id\":\"https:\\\/\\\/myalarme.be\\\/#organization\"},\"potentialAction\":[{\"@type\":\"SearchAction\",\"target\":{\"@type\":\"EntryPoint\",\"urlTemplate\":\"https:\\\/\\\/myalarme.be\\\/?s={search_term_string}\"},\"query-input\":{\"@type\":\"PropertyValueSpecification\",\"valueRequired\":true,\"valueName\":\"search_term_string\"}}],\"inLanguage\":\"fr-BE\"},{\"@type\":\"Organization\",\"@id\":\"https:\\\/\\\/myalarme.be\\\/#organization\",\"name\":\"MyAlarme\",\"url\":\"https:\\\/\\\/myalarme.be\\\/\",\"logo\":{\"@type\":\"ImageObject\",\"inLanguage\":\"fr-BE\",\"@id\":\"https:\\\/\\\/myalarme.be\\\/#\\\/schema\\\/logo\\\/image\\\/\",\"url\":\"https:\\\/\\\/myalarme.be\\\/wp-content\\\/uploads\\\/2025\\\/07\\\/cropped-Sans-titre-noblanc2.png\",\"contentUrl\":\"https:\\\/\\\/myalarme.be\\\/wp-content\\\/uploads\\\/2025\\\/07\\\/cropped-Sans-titre-noblanc2.png\",\"width\":1250,\"height\":280,\"caption\":\"MyAlarme\"},\"image\":{\"@id\":\"https:\\\/\\\/myalarme.be\\\/#\\\/schema\\\/logo\\\/image\\\/\"}}]}<\/script>\n<!-- \/ Yoast SEO Premium plugin. -->","yoast_head_json":{"title":"Syst\u00e8me d\u2019alarme avec BeAlarme pour s\u00e9curit\u00e9 - MyAlarme","description":"D\u00e9couvrez comment un syst\u00e8me d\u2019alarme compatible peut am\u00e9liorer votre s\u00e9curit\u00e9 avec BeAlarmeTM et des solutions techniques adapt\u00e9es.","robots":{"index":"index","follow":"follow","max-snippet":"max-snippet:-1","max-image-preview":"max-image-preview:large","max-video-preview":"max-video-preview:-1"},"canonical":"https:\/\/myalarme.be\/index.php\/make-select\/","og_locale":"fr_FR","og_type":"article","og_title":"Make select","og_description":"D\u00e9couvrez comment un syst\u00e8me d\u2019alarme compatible peut am\u00e9liorer votre s\u00e9curit\u00e9 avec BeAlarmeTM et des solutions techniques adapt\u00e9es.","og_url":"https:\/\/myalarme.be\/index.php\/make-select\/","og_site_name":"MyAlarme","article_modified_time":"2026-01-23T06:52:44+00:00","og_image":[{"width":1067,"height":500,"url":"https:\/\/myalarme.be\/wp-content\/uploads\/2025\/08\/tmp_a4654c67-54d3-49f9-8686-e0106bec0af1-e1754317839283.png","type":"image\/png"}],"twitter_card":"summary_large_image","twitter_misc":{"Dur\u00e9e de lecture est.":"1 minute"},"schema":{"@context":"https:\/\/schema.org","@graph":[{"@type":"WebPage","@id":"https:\/\/myalarme.be\/index.php\/make-select\/","url":"https:\/\/myalarme.be\/index.php\/make-select\/","name":"Syst\u00e8me d\u2019alarme avec BeAlarme pour s\u00e9curit\u00e9 - MyAlarme","isPartOf":{"@id":"https:\/\/myalarme.be\/#website"},"primaryImageOfPage":{"@id":"https:\/\/myalarme.be\/index.php\/make-select\/#primaryimage"},"image":{"@id":"https:\/\/myalarme.be\/index.php\/make-select\/#primaryimage"},"thumbnailUrl":"https:\/\/myalarme.be\/wp-content\/uploads\/2025\/08\/tmp_a4654c67-54d3-49f9-8686-e0106bec0af1-e1754317839283.png","datePublished":"2025-12-07T14:54:40+00:00","dateModified":"2026-01-23T06:52:44+00:00","description":"D\u00e9couvrez comment un syst\u00e8me d\u2019alarme compatible peut am\u00e9liorer votre s\u00e9curit\u00e9 avec BeAlarmeTM et des solutions techniques adapt\u00e9es.","breadcrumb":{"@id":"https:\/\/myalarme.be\/index.php\/make-select\/#breadcrumb"},"inLanguage":"fr-BE","potentialAction":[{"@type":"ReadAction","target":["https:\/\/myalarme.be\/index.php\/make-select\/"]}]},{"@type":"ImageObject","inLanguage":"fr-BE","@id":"https:\/\/myalarme.be\/index.php\/make-select\/#primaryimage","url":"https:\/\/myalarme.be\/wp-content\/uploads\/2025\/08\/tmp_a4654c67-54d3-49f9-8686-e0106bec0af1-e1754317839283.png","contentUrl":"https:\/\/myalarme.be\/wp-content\/uploads\/2025\/08\/tmp_a4654c67-54d3-49f9-8686-e0106bec0af1-e1754317839283.png","width":1067,"height":500},{"@type":"BreadcrumbList","@id":"https:\/\/myalarme.be\/index.php\/make-select\/#breadcrumb","itemListElement":[{"@type":"ListItem","position":1,"name":"Accueil","item":"https:\/\/myalarme.be\/"},{"@type":"ListItem","position":2,"name":"Make select"}]},{"@type":"WebSite","@id":"https:\/\/myalarme.be\/#website","url":"https:\/\/myalarme.be\/","name":"MyAlarme","description":"","publisher":{"@id":"https:\/\/myalarme.be\/#organization"},"potentialAction":[{"@type":"SearchAction","target":{"@type":"EntryPoint","urlTemplate":"https:\/\/myalarme.be\/?s={search_term_string}"},"query-input":{"@type":"PropertyValueSpecification","valueRequired":true,"valueName":"search_term_string"}}],"inLanguage":"fr-BE"},{"@type":"Organization","@id":"https:\/\/myalarme.be\/#organization","name":"MyAlarme","url":"https:\/\/myalarme.be\/","logo":{"@type":"ImageObject","inLanguage":"fr-BE","@id":"https:\/\/myalarme.be\/#\/schema\/logo\/image\/","url":"https:\/\/myalarme.be\/wp-content\/uploads\/2025\/07\/cropped-Sans-titre-noblanc2.png","contentUrl":"https:\/\/myalarme.be\/wp-content\/uploads\/2025\/07\/cropped-Sans-titre-noblanc2.png","width":1250,"height":280,"caption":"MyAlarme"},"image":{"@id":"https:\/\/myalarme.be\/#\/schema\/logo\/image\/"}}]}},"_links":{"self":[{"href":"https:\/\/myalarme.be\/index.php\/wp-json\/wp\/v2\/pages\/2743","targetHints":{"allow":["GET"]}}],"collection":[{"href":"https:\/\/myalarme.be\/index.php\/wp-json\/wp\/v2\/pages"}],"about":[{"href":"https:\/\/myalarme.be\/index.php\/wp-json\/wp\/v2\/types\/page"}],"author":[{"embeddable":true,"href":"https:\/\/myalarme.be\/index.php\/wp-json\/wp\/v2\/users\/1"}],"replies":[{"embeddable":true,"href":"https:\/\/myalarme.be\/index.php\/wp-json\/wp\/v2\/comments?post=2743"}],"version-history":[{"count":16,"href":"https:\/\/myalarme.be\/index.php\/wp-json\/wp\/v2\/pages\/2743\/revisions"}],"predecessor-version":[{"id":2795,"href":"https:\/\/myalarme.be\/index.php\/wp-json\/wp\/v2\/pages\/2743\/revisions\/2795"}],"wp:featuredmedia":[{"embeddable":true,"href":"https:\/\/myalarme.be\/index.php\/wp-json\/wp\/v2\/media\/960"}],"wp:attachment":[{"href":"https:\/\/myalarme.be\/index.php\/wp-json\/wp\/v2\/media?parent=2743"}],"curies":[{"name":"wp","href":"https:\/\/api.w.org\/{rel}","templated":true}]}}